 -19*f + g - d = -22*f. What are the prime factors of f?
3, 13, 29
Let v(a) = -16*a**2 + 234*a + 4. What are the prime factors of v(7)?
2, 3, 11, 13
Let c(a) = -2*a**3 - 22*a**2 + 114*a + 106. What are the prime factors of c(-21)?
2, 23, 71
Let a(h) = -8174*h - 959. List the prime factors of a(-7).
3, 7, 19, 47
Suppose 0 = b, 4*j - 12 = -2*b - 0*b. Let u(a) = 34*a - 26. Let i(c) = 30*c - 22. Let g(d) = 6*i(d) - 5*u(d). What are the prime factors of g(j)?
2, 7
List the prime factors of (0 + (-4)/(-6))/(222/1332) + 1923.
41, 47
Let w(p) = 8*p**2 - 3*p + 4. Let q be w(-3). Suppose -3*a + 5*z + 27 = 0, 5*a + 0*z + 5*z = q. Suppose s = a + 79. What are the prime factors of s?
3, 31
Let l(c) = -c**3 + 24*c**2 - 15*c - 56. Suppose 2*r = 4*r + 10, -2*b = -4*r + 148. Let v = 107 + b. List the prime factors of l(v).
2
Let g(s) = 1356*s**2 + 5*s + 69. What are the prime factors of g(5)?
2, 23, 739
What are the prime factors of ((-2)/(6/(-21)))/(12/2628)?
3, 7, 73
Let n(v) = 75*v**2 - 43*v + 136. Suppose 11*m - 51 = -18. What are the prime factors of n(m)?
2, 11, 31
Let c = -233 + 194. List the prime factors of 114/8*(-260)/c.
5, 19
Let d = 204983 - 135287. List the prime factors of d.
2, 3, 11
Let z(u) = u**3 + 7*u**2 - 2*u - 12. Let m be z(-7). Suppose m*a - 265 = 105. What are the prime factors of a?
5, 37
Let z = 16675 - 7262. List the prime factors of z.
9413
Suppose 0 = -35*v + 34*v + 5*f + 10951, 5*f = -5*v + 54755. What are the prime factors of v?
47, 233
Suppose 3*c = 4*y - 24, 0 = y + 4*c + c - 6. Let q be (-5 - y)/((-4)/(-4)). Let a = q - -136. What are the prime factors of a?
5
Suppose 0 = t - 31 - 20. Suppose -5*i = -4*k + 105, 2*k = 4*i + 16 + 44. Let l = t + k. What are the prime factors of l?
71
Suppose -501 = -5*i + n, 6*i + 2*n - 311 = 3*i. Let s = i - -662. List the prime factors of s.
7, 109
Let s = 44 + -40. Suppose 0 = s*t + h - 2*h - 15, 13 = 4*t - 3*h. What are the prime factors of -1 + 100 - 4/t?
2, 7
Let j = 674 - 1070. Let f = j + 723. Suppose 2 = 2*x, 0 = -3*a + 5*x - 8*x + f. List the prime factors of a.
2, 3
Let b(p) = 15916*p**2 - 551*p + 551. List the prime factors of b(1).
2, 23, 173
Let r(w) = -2*w + 16. Let z be r(8). Suppose z = 4*u - 733 - 791. List the prime factors of u.
3, 127
Let d(w) = -133*w**3 + 8*w**2 - 33*w - 279. List the prime factors of d(-5).
17, 983
Suppose 0 = -7*p + 34 + 1. Let n be 16/p - 16/(-20). List the prime factors of n/((-7)/6*3/(-21)).
2, 3
Let l(s) = 5*s - 35. Let h be l(8). Suppose 0*a - 2*b = -5*a + 2717, -h*b = -3*a + 1615. List the prime factors of a.
5, 109
Suppose 142*g = 139*g. Suppose 2*m - 1 - 49 = g. What are the prime factors of m?
5
Let g be ((-2)/(-1) + -8)*95/(-38). Suppose -14*p = -g*p - 144. Let j = p + 282. List the prime factors of j.
2, 3, 23
Let u be (-27)/(-2)*(2/(-2) + -1). Let k(r) = -r**2 - 30*r - 4. List the prime factors of k(u).
7, 11
Suppose -4*j = -5*r + 825, 4*j - 3*j + 5*r + 200 = 0. Let i = j + 95. What are the prime factors of (9*12/45 + -4)*i?
2, 11
Suppose -92*l - 399514 = 22*l - 1720774. What are the prime factors of l?
2, 5, 19, 61
Suppose -j - 86 = -2*g, -j - 2*g - 354 = 3*j. Let z = -86 - j. Suppose x - 4*x = 3*a - 531, 0 = z*a + 3*x - 359. List the prime factors of a.
2, 43
What are the prime factors of 20/12 + (-81127)/(-93)?
2, 19, 23
Suppose -2 = f - 3*q - 14, 4*f = -4*q. Suppose -2*b + f = -5, 2*p - 170 = b. Let v = -42 + p. List the prime factors of v.
3, 5
Let c be -4*24/(-256) - (-118)/(-16). What are the prime factors of (-395 + 0)*7/c?
5, 79
Let z = 992 - 551. What are the prime factors of z?
3, 7
Let a = 655 - -1416. What are the prime factors of a?
19, 109
Let n(h) = -h**3 + 16*h**2 - 9*h + 149. Let c be n(16). Suppose a + 4*z - 1284 + 499 = 0, -c*a + 4*z = -4045. List the prime factors of a.
5, 7, 23
Let s(p) = -28*p + 13*p + 19 + 5*p + 8*p. Let t be s(13). Let l(c) = -19*c + 9. List the prime factors of l(t).
2, 71
Suppose 0 = -4*h - 4575 + 15907. What are the prime factors of h?
2833
Let u = 167779 - 116232. List the prime factors of u.
19, 2713
Let i(t) = -2*t**2 + 762*t + 45. What are the prime factors of i(76)?
5, 9281
Let r(s) = s. Let d(z) = -10*z + 35. Let k(x) = -3*d(x) - 6*r(x). What are the prime factors of k(19)?
3, 13
Suppose 2*d - 18070 - 1620 = -4*k, 0 = 2*d + 6. List the prime factors of k.
2, 1231
Let m = -77 + 214. Let r = 1037 - 844. Let q = r - m. What are the prime factors of q?
2, 7
Let j(c) = -38*c - 124. Let z be j(-4). List the prime factors of 184 + -4*7/z.
3, 61
Let b be (-22)/(-4)*(-108)/(-297). Suppose 10*s - b*g = 5*s + 2505, 1534 = 3*s + 5*g. List the prime factors of s.
503
Suppose -106337 = -22*n + 370051. What are the prime factors of n?
2, 3, 401
Let f(u) = u**3 + 6*u**2 - 1507*u - 33. List the prime factors of f(-29).
3, 17, 53
Let j be 77185/(-420)*-4 + (-2)/21. Suppose -2051 = -14*d + j. What are the prime factors of d?
199
What are the prime factors of (3 + 347 + 3)/((-8)/(-336)*2)?
3, 7, 353
Let i be (-66)/(-10) - (-252)/180. What are the prime factors of ((-212490)/108)/((-10)/i)?
2, 787
What are the prime factors of (-902)/5412 - 2/(-7)*6471458/24?
77041
Suppose -5*w + 0*w + 6521 = -4*z, -5*w - 2*z = -6527. What are the prime factors of w?
3, 5, 29
What are the prime factors of (47316/42 - 8)*7?
2, 3, 5, 29
Suppose -5*k + 7343 = x - 14306, -2*x = 3*k - 43354. List the prime factors of x.
23, 41
Let u(o) = -686*o - 1581. List the prime factors of u(-29).
18313
Let g(n) be the first derivative of -n**4/4 + 2*n**3/3 - n**2/2 + 86*n + 171. Let p be (1 - (2 - 1))*-1. List the prime factors of g(p).
2, 43
Suppose -5*i = -0*g + 2*g - 80, -181 = -5*g - 3*i. What are the prime factors of (g/10)/(1/226)?
7, 113
Let f be (-9 - -1) + 807024/92. Suppose 10*o - 3*o = f. What are the prime factors of o?
2, 313
Suppose -1334 = -4*y - 0*y - 2*k, -5*k - 317 = -y. Suppose -y = -5*d + 1238. List the prime factors of d.
2, 157
Suppose -7*z + 4*y = -3*z - 48, -3*z = 3*y - 30. Suppose 12*f = z*f - 98. Let n = f - -249. What are the prime factors of n?
151
Let k be 714/(-18)*9/(-3). Let p be 12/(-4)*20 + 2/1. Let n = p + k. What are the prime factors of n?
61
Suppose -64*y + 118*y - 3773520 = 0. What are the prime factors of y?
2, 5, 1747
Suppose 1402*f = 1405*f - 15876. What are the prime factors of f?
2, 3, 7
Suppose 4*l + 16 = q, 0 = -0*q - 2*q + 5*l + 29. Suppose -13*a = -q*a - 2. List the prime factors of a.
2
Let c be (3 - 2)/(18/(-7164)). Let v = c + 1009. What are the prime factors of v?
13, 47
Suppose 0 = 3*q + 2*r - 409, 21 = -r + 23. Suppose 2*j = 251 + q. List the prime factors of j.
193
Let h(b) = 105*b**2 - b - 1. Let n be h(1). Suppose n = t - 70. Suppose -2*a + 817 = 3*a - 4*k, -a + t = -4*k. List the prime factors of a.
7, 23
Suppose 2401*o - 2442*o + 367114 = 0. List the prime factors of o.
2, 11, 37
Let g be 3/2 + 819/(-42) + 18. Suppose -4 = 3*j - 5*p, -2*j + 1 = -5*p + 2. List the prime factors of (4 - 2 - (j - g))*27.
3, 5
What are the prime factors of (16 - (-2 + 17))*22054?
2, 11027
Let u(y) be the second derivative of 9*y**3/2 + 55*y**2/2 + 101*y. What are the prime factors of u(22)?
11, 59
What are the prime factors of (-2 + (0 - 0))*45370/40*-2?
13, 349
Suppose 15*r - 11508 = 8*r. Suppose 3*x - r = -0*x. List the prime factors of x.
2, 137
Let j(w) = 563*w + 611. What are the prime factors of j(37)?
2, 71, 151
Let b(v) = 10*v - 52. Let x be b(5). Let k(g) = 82*g**2 - 12*g - 2. List the prime factors of k(x).
2, 5, 7
Suppose 227*k - 205*k - 232085 + 45305 = 0. List the prime factors of k.
2, 3, 5, 283
Let v = -44 + 82. Let g = 45 - v. Suppose -3*s + 5*y = -146, 3*s - 5*y + g*y = 139. List the prime factors of s.
47
What are the prime factors of (-311388)/330*30/(-21)?
2, 337
Suppose -15168 = -66*g - 13*g. What are the prime factors of g?
2, 3
Let w(z) = 58*z**2 + z. Let y be w(1). Suppose 0 = -10*l - y - 1. Let s(t) = 2*t**2 - 6*t - 18. What are the prime factors of s(l)?
2, 3, 5
Suppose 3*o = -p + 6, p = -5*o + 13 - 3. Suppose 0 = -w - c + 1139, c + 412 - 2685 = -o*w. Suppose -11*y + w = -4*y. What are the prime factors of y?
2, 3
Let p(v) = -v**2 - 4*v + 4. Let u be p(-4). Suppose -8*g - 4 = -u. Suppose 2*o + 84 = 2*i, g = -5*i + 2*o - 4*o + 196. List the prime factors of i.
2, 5
Let c = 1175